hat is c(m)?
6
Let z(w) = w**2 - w - 4. Suppose 21*b - 44 = 17*b. Let t be (3 - b/(-13)) + 8/52. Give z(t).
8
Let x be (0/(-2))/((-102)/(-51)). Let h(c) = c**2 - c + 13. What is h(x)?
13
Let i = 75 + -50. Let s = 19 - i. Let u(r) be the third derivative of -r**4/12 - r**3 + r**2. What is u(s)?
6
Let l(j) = j**3 - j**2 + j + 5. Let t be l(0). Suppose 5*p + 0*d + 42 = d, -50 = 5*p - t*d. Let g(y) = y**2 + 7*y - 6. Give g(p).
2
Suppose 5*y = 9 + 1. Suppose 50 = -7*d + y*d. Let g be 54/15 - 4/d. Let i(o) = -o + 4. Determine i(g).
0
Let w(g) = -11*g - 1. Suppose 3*b - 3 = 0, -2*d + 0 = -3*b - 1. Determine w(d).
-23
Let i(a) = -a + 10. Let n be i(6). Let z(k) = -11 - k - k + n*k + 10. Calculate z(1).
1
Let k(q) = 9*q + 144. Let n be k(-16). Let w(b) = b**3 + 2*b**2 + b + 8. What is w(n)?
8
Let x be (-2)/(-2) - (-1 - 1). Suppose x*c + 15 = m, m + 0*m - 20 = 4*c. Let a(f) = 3*f - 4. Let w(t) = 4*t - 4. Let k(u) = -3*a(u) + 2*w(u). Give k(m).
4
Let y(l) = -l - 6. Let d(j) = -j**3 - 6*j**2 + 5*j - 11. Let s be d(-7). Let a be s/2*72/(-27). Let t be -4 - (-1 + 1 + a). Calculate y(t).
-6
Let j(b) = -2 + 1 + 3*b**2 - 3*b + 266*b**3 + b - 261*b**3. What is j(2)?
47
Let z(h) = 5*h - 2. Let n(d) be the first derivative of d + 23. Let v(m) = 4*n(m) + z(m). Give v(-2).
-8
Suppose -k - 2 - 37 = -5*h, -3*h + 1 = k. Let q = k + 14. Let y(f) = -6*f**2 - 14 - 2*f**3 + 20 + 3*f + q*f**3 + f**3. Give y(-6).
-12
Let w = -449 - -455. Let a(j) = 7*j**2 + 9 - 2*j**3 - 7*j + j**3 + 0. Let o be a(w). Let d(x) = x - 3. Calculate d(o).
0
Suppose 2*x = 4*x - y - 13, -4*x + 3*y + 27 = 0. Suppose x*j - 9*j = -12. Suppose k - 4*t = t + 11, 0 = -k - 2*t + j. Let b(d) = d - 7. Calculate b(k).
-1
Let p be (-44)/(-77) - (-1086)/(-14). Let i = p + 71. Let n(u) = u**2 + 9 + 3 + 7*u - 4. Give n(i).
2
Let p(j) = -4*j - 122. Let w be p(-31). Let f(z) be the second derivative of -1/6*z**3 - 1/12*z**4 + 2*z**w - 6*z + 0. Determine f(0).
4
Suppose -3*r = -x + 2, 3*r = -2*x - 0 - 14. Let h(f) = -19*f**2 + 0 - 2 + f + 15*f**2. What is h(r)?
-20
Let l(d) = d**2 + d + 1. Suppose -4*v + 27 = 5*z, -3*v - 2*z - z + 21 = 0. Suppose -5 = -3*u + 1. Let c be u/(-4) - 4/v. Give l(c).
1
Suppose i - 2*i = -5*m - 25, -4*i - 4*m + 4 = 0. Let y(q) = q - 13 + q - 9 - 17 + 36. Calculate y(i).
7
Let d(a) = a**2 + 6*a + 1. Let j be d(-5). Let w(y) = y**3 + y**2 - y - 1. Let q(h) = -2*h**3 + 2*h**2 + 5*h + 2. Let t(u) = -q(u) - 3*w(u). Calculate t(j).
-7
Let k(o) = o**2 - 1. Let m(p) = -24*p - 23. Let d be m(-1). What is k(d)?
0
Let l be (-3)/(((-3)/6)/(4/8)). Let d(t) = t**2 + t - 4. What is d(l)?
8
Let k(a) = -1111*a + 5552. Let q be k(5). Suppose -3*t = 2*x - 9, 2 = -0*x + 2*x - 4*t. Let z(s) = 2*s**2 - s + 0*s**2 - 4 + s**x + 0. Give z(q).
-10
Let d(k) be the third derivative of -k**5/12 - k**4/12 + k**3/6 - 46*k**2. Calculate d(2).
-23
Let i(o) = o**2 + 2*o - 2. Suppose -27 - 18 = 3*h. Let l = h + 17. Let s be l/9 - (-64)/36. Give i(s).
6
Let k = 2163 - 2166. Let q(h) = h**2 + 6*h + 2. What is q(k)?
-7
Let g(c) = -5*c**3 - c**2 + c - 2. Suppose -58 = -18*t + 47*t. What is g(t)?
32
Let z(h) be the third derivative of -1/15*h**5 + 0*h + 0 + 27*h**2 + 1/120*h**6 - 1/24*h**4 + 1/3*h**3. Give z(3).
-10
Let y(c) = -2*c - 4. Let l be y(-4). Suppose -2*j + 6*j - 14 = -3*d, -l*d = -5*j + 33. Let i(x) = -2 + 1 + 0 + 4*x. Give i(d).
-9
Let q(s) = s**2 + 5*s + 5. Suppose -64*d + 10 = -65*d. Let x be (-3 + (-35)/(-10))/(1/d). What is q(x)?
5
Let y(d) = -2 - 1 + 9 - d - 4. Suppose 4*p + 5*m - 33 - 8 = 0, 3*m + 1 = 4*p. Give y(p).
-2
Let y be (-10)/2 - (-4 + 1). Let x(l) = -3 + 4*l + 4 - 6*l - 2. What is x(y)?
3
Let x = -19 + 7. Let z = -5 - x. Suppose z = -4*j - 13. Let s(n) = -n**3 - 5*n**2 + n + 7. What is s(j)?
2
Let p(v) be the second derivative of 0 + 1/2*v**2 - 2/3*v**3 + 5/24*v**4 + 5*v - 1/60*v**5. Let f(m) be the first derivative of p(m). Give f(4).
0
Let a(y) = y + 9. Let k(p) = p + 6. Let u(i) = 2*a(i) - 3*k(i). Suppose -2*w - 6 = 4*l, 3*l - w = 2*w. What is u(l)?
1
Suppose -5*n = 5*k, 7 = 4*n + 4*k - 7*k. Let a(h) = -2*h**3 + 2*h**2 - 3*h. Let q(i) = -i - 1. Let s(z) = -a(z) + q(z). Determine s(n).
1
Let t be 508/(-1270) - 5/((-50)/(-36)). Let w(x) = x**3 + 3*x**2 - 4*x - 3. Determine w(t).
-3
Let c(d) = d + 3. Let f = -106 + 103. Let p be (f/(-1) - -1)/(-1). Calculate c(p).
-1
Let q(i) = i**2 - 3*i - 4. Suppose 24*b - 16 - 80 = 0. Calculate q(b).
0
Let o(p) be the third derivative of p**6/120 + 13*p**5/60 + 7*p**4/12 + 10*p**3/3 + 3*p**2 - 1. Give o(-12).
-4
Let t(n) = -43*n + 263. Let r be t(6). Let v(z) = -11*z + 3. Give v(r).
-52
Suppose -2*o = -5*a - 23, 2*a - 2*o + 18 = -2*a. Let p(f) = f**2 + 8. Let y(k) = k**2 - k + 7. Let j(n) = a*p(n) + 6*y(n). Let u be (4/5)/(8/40). Give j(u).
-6
Let f(i) be the first derivative of 5/2*i**2 - 1 - i - 1/3*i**3. Let r(u) = -38*u - 108. Let g be r(-3). Determine f(g).
-7
Let q(h) = -h - 2. Suppose -17*t + 10*t = -21. Suppose 0 = -t*m - 14 + 2. Calculate q(m).
2
Let t = -3 + 5. Suppose 0 = -2*n - n + p - 9, -3*n - t*p = 18. Let k(b) be the first derivative of b**4/4 + 5*b**3/3 + 3*b**2/2 + 5*b - 3. Calculate k(n).
9
Suppose -6*k - 10*k = -80. Let z(g) = -g**3 + 5*g**2 + 4*g - 5. Give z(k).
15
Let a(s) be the first derivative of s**2 - s - 1. Suppose -44*l = -47*l - 18. Calculate a(l).
-13
Let f be (6/(-5))/((-2)/5). Let c(v) = 6*v**3 - 81*v**2 + 9*v - 11. Let u(a) = 2*a**3 - 29*a**2 + 3*a - 4. Let s(m) = -4*c(m) + 11*u(m). Give s(f).
-18
Suppose 5 = 3*y + 2*y. Let v be ((-3)/y)/(9/(-6)). Let a(w) = -1 - 2 - 2*w - 3*w + v. Calculate a(2).
-11
Suppose -4*d + 0 = 24. Let f(c) be the third derivative of c**6/120 + c**5/10 - c**4/24 - c**3/3 - 5*c**2. What is f(d)?
4
Let g(c) = -c**2 - 7*c + 5. Let h be g(-7). Let q be (-2)/(-3) - 2/3. Suppose q = -4*m - h - 3. Let s(j) = j**3 - j. Determine s(m).
-6
Let q(i) = -350*i + 3 - i**2 - 1 + 360*i. Calculate q(5).
27
Suppose 66*i - 460 = -130. Let c(p) be the second derivative of -3/2*p**2 + 0 + 1/3*p**3 + 1/20*p**i + 5/12*p**4 + 2*p. Give c(-4).
5
Let p(l) = -4*l**3 - 19*l**2 - 21*l + 11. Let b(k) = k**3 + 6*k**2 + 7*k - 4. Let g(r) = 7*b(r) + 2*p(r). Let x = -3372 - -3377. Calculate g(x).
4
Let y(n) = -n - 1. Let s = 42 + -17. Suppose 0*r + 5*r + s = 0. Let a(l) = -l - 11. Let i be a(r). Determine y(i).
5
Let n(b) = b - 19. Let d(g) = -g + 22. Let s(k) = -2*d(k) - 3*n(k). Give s(10).
3
Let d(w) = w - 23. Suppose -2*x - 66 = -3*z + x, 48 = 3*z + 3*x. Let f be d(z). Let y(j) = -2 + 4*j**2 + j**3 + j + 3 - 2 + 0. What is y(f)?
-5
Let w(t) = 3*t. Let y(n) = n**2 + 23*n + 3. Let u(r) = 4*w(r) - y(r). What is u(-15)?
-63
Let a(y) = 4*y + y**3 - 130*y**2 - 130*y**2 + 252*y**2 - 4. Give a(7).
-25
Let f(m) = 2*m**3 - 4*m**2 - 4. Suppose 0*n - 6 = -n. Let t be (n/4)/((-6)/(-112)). Suppose -y - 10 = y + 4*x, 0 = -4*y + 4*x + t. Determine f(y).
14
Let f(s) = -5*s + 4*s - 2*s**2 + 0*s + 8*s**3. Suppose 0 = -4*w - 20, -6*x + 4*w = -9*x - 23. Determine f(x).
-9
Let c = -1769 + 1753. Let v(f) = f**2 + 17*f - 3. What is v(c)?
-19
Let h(s) = s + 2. Suppose -7*x = -103 + 166. Calculate h(x).
-7
Let r(f) be the third derivative of f**7/840 - f**6/60 + f**5/20 - 7*f**4/24 - 5*f**3/3 - 28*f**2. Let y(j) be the first derivative of r(j). What is y(5)?
-2
Let z(x) = -x**3 + 4*x**2 + 2*x - 7. Let n be z(3). Let k(a) = -2*a**2 + 5*a - n*a - a**2 + 2*a**2 + 3. Let c = 4 - 7. Determine k(c).
3
Let y(z) = 10*z**2 + 2*z - 10. Let a(c) = 4*c**2 + c - 4. Let p(v) = -12*a(v) + 5*y(v). Give p(3).
10
Let y(n) = -n**2 - n + 3. Let p be y(-3). Let q(u) = -6*u**2 - 13. Let o(j) = 14*j**2 + 32. Let f(b) = 5*o(b) + 12*q(b). Determine f(p).
-14
Let h(z) = z + 1 - 3 - 6. Suppose -17*q - 54 - 14 = 0. Let g be (-16)/40 + q/(-10). Calculate h(g).
-8
Let m(f) = 1 + 38*f**2 - 7 - 39*f**2 + 8*f + 4. Give m(9).
-11
Suppose -4*g + 13 = -5*i, -3 + 12 = 5*g + i. Suppose -5*j - 3 - g = 0. Let a be (-3)/j*(-3 + 4). Let v(o) = 3*o. Calculate v(a).
9
Let r(d) = -7*d**3 + d**2 - d + 1. Suppose 12*w - 4*w = 8. Let v be r(w). Let p(c) = c + 3. What is p(v)?
-3
Let v be ((-30)/7)/((-5)/35). Suppose -v = 28*m - 33*m. Let w(r) be the first derivative of -r**2 + 7*r + 2. What is w(m)?
-5
Let v be ((-2)/3)/((-13)/117). Let u(d) = -1 + v + d**2 + 8*d + 2. Give u(-7).
0
Let p(x) be the firs